{"version":"1.0","provider_name":"Irka Cafe-blog","provider_url":"https:\/\/nehrer.cafeblog.hu","author_name":"Gy\u00f6rgy Nehrer","author_url":"https:\/\/nehrer.cafeblog.hu\/author\/nehrer-gywindowslive-com\/","title":"Bakonyi Istv\u00e1n","html":"<h3 style=\"text-align: justify\"><span style=\"color: #800000\">Aj\u00e1nlom rovatomban, sorban a k\u00f6vetkez\u0151: \u00a0Bakonyi Istv\u00e1n.<\/span><\/h3>\r\n<p style=\"text-align: justify\">Sorban igen! \u00a0De nem sorrendben, mert n\u00e1lam nincsenek sorrendek, csak EMBEREK.<\/p>\r\n<h3 style=\"text-align: justify\"><span style=\"color: #800000\">Ki Bakonyi Istv\u00e1n? Hivatalos verzi\u00f3:<\/span><\/h3>\r\n<p style=\"text-align: justify\"><a href=\"https:\/\/hu.wikipedia.org\/wiki\/Bakonyi_Istv%C3%A1n_(irodalm%C3%A1r)\">https:\/\/hu.wikipedia.org\/wiki\/Bakonyi_Istv%C3%A1n_(irodalm%C3%A1r)<\/a><\/p>\r\n<p style=\"text-align: justify\">\u00a0<\/p>\r\n<h3 style=\"text-align: justify\"><span style=\"color: #800000\">Az \u00e9n verzi\u00f3m:<\/span><\/h3>\r\n<ol start=\"2016\">\r\n<li>augusztus 22-\u00e9n ezt a bejegyz\u00e9st \u00edrtam a blogomra:<\/li>\r\n<\/ol>\r\n<p>\u00a0 Bakonyi Istv\u00e1nnal az ismerets\u00e9g\u00fcnk nem indult z\u00f6kken\u0151mentesen. S\u0151t! Kem\u00e9ny \u00e9s indulatokt\u00f3l sem mentes leveleket is v\u00e1ltottunk. Hozz\u00e1tenn\u00e9m, hogy mindig a j\u00f3 \u00edzl\u00e9s hat\u00e1r\u00e1n bel\u00fcl, amit manaps\u00e1g m\u00e1sokt\u00f3l nagyon hi\u00e1nyolok.\u00a0 Az els\u0151 szem\u00e9lyes tal\u00e1lkoz\u00e1sra a V\u00f6r\u00f6smarty T\u00e1rsas\u00e1g irod\u00e1j\u00e1ban ker\u00fclt sor. Istv\u00e1n azt mondta, f\u00e9l \u00f3r\u00e1ja van r\u00e1m. Azt\u00e1n \u00fagy ad\u00f3dott, hogy k\u00f6zel m\u00e1sf\u00e9l \u00f3r\u00e1t besz\u00e9lgett\u00fcnk. Kider\u00fclt, hogy t\u00f6bb a k\u00f6z\u00f6s pontunk, mint ami elv\u00e1laszt benn\u00fcnket. Az \u00e9desapja, szint\u00e9n az \u00e1rtatlanul szenved\u0151 levent\u00e9k keser\u0171 kenyer\u00e9t ette a szovjet birodalom hadifoglyak\u00e9nt, ugyan\u00fagy, mint ap\u00e1m.<\/p>\r\n<p>Teljesen m\u00e1s p\u00e1ly\u00e1n indultunk el, de a csal\u00e1di ind\u00edttat\u00e1s\u00a0 m\u00e9giscsak meghat\u00e1roz\u00f3. Az irodalom, a kult\u00fara szeretete, azt hiszem k\u00e9pes fel\u00fcl\u00edrni a vit\u00e1kat, a n\u00e9zetk\u00fcl\u00f6nbs\u00e9geket. \u00dagy gondolom, hogy ez\u00a0 \u00edgy norm\u00e1lis. Ma m\u00e1r szinte k\u00e9thetente tal\u00e1lkozunk. Nincs mindig lehet\u0151s\u00e9g arra, hogy besz\u00e9lgess\u00fcnk, de nem is az a l\u00e9nyeg. Azt hiszem, hogy f\u00e9lszavakb\u00f3l is \u00e9rtj\u00fck egym\u00e1st. Ehhez biztos hozz\u00e1j\u00e1rul az is, hogy h\u00e9t h\u00f3nap kork\u00fcl\u00f6nbs\u00e9g van csak k\u00f6z\u00f6tt\u00fcnk.\u00a0 Bar\u00e1tok vagyunk \u2013 e? Azt nem tudom. A bar\u00e1ts\u00e1g szerintem nem abb\u00f3l \u00e1ll, hogy sokszor elmondjuk, hogy \u201eugye mi j\u00f3 bar\u00e1tok vagyunk?\u201d Ez egy zenei m\u0171ben j\u00f3l hangz\u00f3 refr\u00e9n, de a val\u00f3s\u00e1gban nem \u00e1llja meg a hely\u00e9t.<\/p>\r\n<p>Sz\u00e1momra az \u00e9let mindig azt igazolta vissza, hogy ha valaki \u00f6nzetlen\u00fcl seg\u00edt, \u00e9s t\u00e1mogatja a m\u00e1sik elk\u00e9pzel\u00e9s\u00e9t, valamilyen c\u00e9ljainak a megval\u00f3s\u00edt\u00e1s\u00e1t, elfogadja a m\u00e1sikat olyannak, amilyen, \u00e9s\u00a0 nem v\u00e1r \u00e9rdemtelen dics\u00e9reteket, akkor abb\u00f3l\u00a0 ak\u00e1r bar\u00e1ts\u00e1g is lehet.<\/p>\r\n<p>Ez egy hossz\u00fa \u00fat a bar\u00e1ts\u00e1g fel\u00e9, aminek a k\u00e9t oldal\u00e1r\u00f3l indultunk, \u00e9s valahol majd tal\u00e1lkozunk. J\u00f3 esetben, az \u00fat fel\u00e9n\u00e9l.\u00a0 De ha nem ott, az sem baj\u2026 \u00a02018-01-14 Befejeztem a \u00a0\u201eA Bakonyi Kov\u00e1cs\u201d k\u00e9ziratot. L\u00e9pkedek a kanyarg\u00f3s poros \u00faton, ahol pipacsot termett az \u00fat mell\u00e9 fodros ingk\u00e9nt hajl\u00f3 r\u00e9t. \u00dagy l\u00e1tom, hogy j\u00f6n velem szemben az \u00faton\u2026<\/p>","type":"rich"}

György Nehrer

Bakonyi István

<h3 style="text-align: justify"><span style="color: #800000">Ajánlom rovatomban, sorban a következő:  Bakonyi István.</span></h3>
<p style="text-align: justify">Sorban igen!  De nem sorrendben, mert nálam nincsenek sorrendek, csak EMBEREK.</p>
<h3 style="text-align: justify"><span style="color: #800000">Ki Bakonyi István? Hivatalos verzió:</span></h3>
<p style="text-align: justify"><a href="https://hu.wikipedia.org/wiki/Bakonyi_Istv%C3%A1n_(irodalm%C3%A1r)">https://hu.wikipedia.org/wiki/Bakonyi_Istv%C3%A1n_(irodalm%C3%A1r)</a></p>
<p style="text-align: justify"> </p>
<h3 style="text-align: justify"><span style="color: #800000">Az én verzióm:</span></h3>
<ol start="2016">
<li>augusztus 22-én ezt a bejegyzést írtam a blogomra:</li>
</ol>
<p>  Bakonyi Istvánnal az ismeretségünk nem indult zökkenőmentesen. Sőt! Kemény és indulatoktól sem mentes leveleket is váltottunk. Hozzátenném, hogy mindig a jó ízlés határán belül, amit manapság másoktól nagyon hiányolok.  Az első személyes találkozásra a Vörösmarty Társaság irodájában került sor. István azt mondta, fél órája van rám. Aztán úgy adódott, hogy közel másfél órát beszélgettünk. Kiderült, hogy több a közös pontunk, mint ami elválaszt bennünket. Az édesapja, szintén az ártatlanul szenvedő leventék keserű kenyerét ette a szovjet birodalom hadifoglyaként, ugyanúgy, mint apám.</p>
<p>Teljesen más pályán indultunk el, de a családi indíttatás  mégiscsak meghatározó. Az irodalom, a kultúra szeretete, azt hiszem képes felülírni a vitákat, a nézetkülönbségeket. Úgy gondolom, hogy ez  így normális. Ma már szinte kéthetente találkozunk. Nincs mindig lehetőség arra, hogy beszélgessünk, de nem is az a lényeg. Azt hiszem, hogy félszavakból is értjük egymást. Ehhez biztos hozzájárul az is, hogy hét hónap korkülönbség van csak közöttünk.  Barátok vagyunk – e? Azt nem tudom. A barátság szerintem nem abból áll, hogy sokszor elmondjuk, hogy „ugye mi jó barátok vagyunk?” Ez egy zenei műben jól hangzó refrén, de a valóságban nem állja meg a helyét.</p>
<p>Számomra az élet mindig azt igazolta vissza, hogy ha valaki önzetlenül segít, és támogatja a másik elképzelését, valamilyen céljainak a megvalósítását, elfogadja a másikat olyannak, amilyen, és  nem vár érdemtelen dicséreteket, akkor abból  akár barátság is lehet.</p>
<p>Ez egy hosszú út a barátság felé, aminek a két oldaláról indultunk, és valahol majd találkozunk. Jó esetben, az út felénél.  De ha nem ott, az sem baj…  2018-01-14 Befejeztem a  „A Bakonyi Kovács” kéziratot. Lépkedek a kanyargós poros úton, ahol pipacsot termett az út mellé fodros ingként hajló rét. Úgy látom, hogy jön velem szemben az úton…</p>
